ate c(t).
-29
Let t(k) be the third derivative of 1/6*k**3 - 1/6*k**4 + 1/120*k**6 + 0 - 1/20*k**5 - 5*k**2 + 0*k. Give t(4).
1
Let q be (-6)/8*7/((-42)/24). Let v(g) = -3 + 2 + 6*g**2 + 4*g + 0*g**2 + g**q. Determine v(-5).
4
Let t(a) = 3*a**2 + 4. Let q(r) = -4*r**2 - 4. Let j(h) = -2*q(h) - 3*t(h). Calculate j(0).
-4
Let m(v) be the first derivative of -v**5/60 + 3*v**4/8 + 5*v**3/6 - 5*v**2 - 2. Let q(j) be the second derivative of m(j). Calculate q(9).
5
Let n(b) be the first derivative of -b**3/3 + b**2/2 + 2*b + 2. Let t be 1 + 0 + 2*(-5)/(-10). Suppose r + t = -3*o - 1, 12 = -4*r + 3*o. What is n(r)?
-10
Let p(t) be the first derivative of -t**4/4 + 4*t**3/3 - 4*t - 22. Suppose c + 4*n - 5 - 14 = 0, -7 = -5*c + 2*n. Calculate p(c).
5
Let p = -186 - -192. Let f(i) be the first derivative of -i**2/2 + 6. Calculate f(p).
-6
Let z(q) = -q**2 - 4*q. Let h be z(-5). Let v(b) = -56*b + 19*b + 23*b + b**2 + 17*b. Calculate v(h).
10
Let v(x) = x**3 - 12*x**2 + 13*x - 27. Let d(o) = 4*o - 217. Let n be d(57). Calculate v(n).
-5
Let y(f) = 2*f**2 - 7*f + 9. Let r(l) = l**2 - 3*l + 4. Let m(x) = 7*r(x) - 3*y(x). Give m(1).
2
Let n(v) be the first derivative of -v**3/6 - v**2/2 + 4*v - 3. Let l(j) be the first derivative of n(j). Calculate l(4).
-5
Let h be (51/(-6) + 6)/(2/(-4)). Let n(y) be the third derivative of y**4/24 + y**3 - y**2. Give n(h).
11
Let l(z) = 3 + 0 - 3 + 1 - z. Let q = -12 - -15. Determine l(q).
-2
Let u(b) be the second derivative of b**5/20 - 2*b**4/3 + b**3/6 - 7*b**2/2 + 538*b. What is u(8)?
1
Let s be ((-13)/((-39)/42))/(-1). Let d(f) = f + 26. Calculate d(s).
12
Let a(d) = d**2 + 256*d + 11 - 2 - 249*d. Give a(-8).
17
Let l(u) be the second derivative of u**4/12 - 7*u**3/6 - u. Let t = -6754 - -6762. Give l(t).
8
Let o(c) = -2*c. Let k(y) = -20*y - 4. Let r(m) = k(m) - 12*o(m). Determine r(-6).
-28
Suppose w + 4*z - 12 = 0, 2*w = -z + 136 - 147. Let u(q) = 5*q**2 + 11*q - 15. Let a(p) = -6*p**2 - 12*p + 16. Let t(r) = -4*a(r) - 5*u(r). Calculate t(w).
3
Suppose -3*f - 2*k = 22, 5*k - 3 = 3*f + 26. Let b(o) = -o**2 - 10*o - 19. Determine b(f).
-3
Let m(k) = -66*k**2 + 594*k + 4. Let o be m(9). Let s(x) = -x**3 + 5*x**2 - 5*x + 7. Give s(o).
3
Let v(n) = n + 100*n**2 - n**3 - 52*n**2 - 1 - 47*n**2. Determine v(0).
-1
Let b(z) = 35*z - 14. Let n(i) = -47*i + 13. Let q(v) = -4*b(v) - 3*n(v). Determine q(-22).
-5
Let q = 38 + -72. Let o = q - -28. Let j(v) = 6*v**2 + 0*v**3 + v + 0*v**2 + 2 + v**3. Give j(o).
-4
Let f(n) = -n**3 + 4*n**2 + 6*n - 2. Let y be f(5). Suppose -3*l + 8*l = -y*v + 9, 4*l = -2*v + 8. Let g(t) = t**3 - t**2 - 2*t - 1. What is g(l)?
11
Suppose g + 3*x = -13, -5*x = -g - 3*x + 12. Let o = -7 + g. Let k(u) = -u + 4. Determine k(o).
9
Let b be (-24)/(-90)*5/2. Let t(o) be the second derivative of 1/2*o**2 - o**3 + 0 + 6*o - 1/20*o**5 - b*o**4. What is t(-7)?
-6
Let p(y) = y**2 + 9*y + 12. Let c be p(-9). Suppose -z - 2*q + c = 0, z + 4*z = -5*q + 35. Let u(x) = 22 - 23 + z*x - x**2 - 16*x**2. Determine u(1).
-16
Let a be (-2)/(-3 - (-50)/15). Let g(i) be the second derivative of -2*i + 0 + 11/2*i**2 + 1/6*i**3. Give g(a).
5
Let v(g) be the second derivative of 2*g**2 + 0 + 7/60*g**5 + 1/6*g**3 - 1/120*g**6 - 2*g - 1/4*g**4. Let t(b) be the first derivative of v(b). What is t(6)?
1
Let t(r) = -r**2 + 4. Let w be (4/(-3))/4*-6. Suppose x = -12 - w. Let o be (3/5)/(x/70). Calculate t(o).
-5
Let t = 418 - 413. Let k(s) = -s**3 + 5*s**2 + 4. Give k(t).
4
Let n(t) = -t**3 - 3*t**2 - 3*t + 4. Let u be (-8)/1 - (-8 - -10). Let i be u/4 + 22/(-44). What is n(i)?
13
Suppose -2*c + 4*c + 4 = 0. Let f(w) = 3612*w**2 + 3673*w**2 - 7284*w**2. Calculate f(c).
4
Let q(r) be the first derivative of -r**4/4 - 8*r**3 - r**2/2 - 15*r - 209. Give q(-24).
9
Let c(a) = -7*a. Let f(x) = -x**3 - 4*x**2 - 7*x - 7. Let d be f(-2). Determine c(d).
7
Let t(f) be the third derivative of -f**4/6 + f**3/2 - 47*f**2. Let n(i) = i - 1. Let b(p) = -3*n(p) - t(p). What is b(-3)?
-3
Let s(c) = 3*c**3 - 2*c**2 + 3*c**2 + 6 - 2*c**3 + 6*c + 5*c**2. Let x be s(-5). Let b(q) = 0 + 3*q - q - 3 - x. Give b(5).
6
Let m(w) = -2*w - 5. Suppose n - 2 = -4*a - n, 4*a + 23 = 3*n. Let u(g) = 2*g**2 + 4*g + 3. Let l be u(a). Suppose -l*r = -7*r - 16. Calculate m(r).
3
Let h be ((-154)/(-21))/(4/6)*-1. Let c(b) = -b - 17. Give c(h).
-6
Suppose -8*n - 713 = -793. Let i(y) = -y**3 + 11*y**2 - 12*y + 19. Give i(n).
-1
Let t(j) = -j**2 - 3*j - 4. Let f = -51 - -54. Suppose 2*k - 4 = f*k. Calculate t(k).
-8
Let p(w) = -w**3 - 4*w**2 + 3*w**2 + w - 4*w**2. Let t be 2*(-72)/28 + (-3)/(-21). What is p(t)?
-5
Let b(z) = 8*z**2 - z**2 + 1 - 33*z**2 + 17*z**2 - z. Let r be (1 - 2)/(2/(-2)). Calculate b(r).
-9
Let g(u) = 5*u - 2*u + 6 - 4*u. Suppose 142*x - 6294 = -5300. Calculate g(x).
-1
Let m(k) be the third derivative of k**5/60 + 10*k**3/3 - 2*k**2 - 165*k. Calculate m(0).
20
Let a(g) = -2*g**2 - 11 + 22*g**3 + g - 52*g**3 + g**2 + 29*g**3. Calculate a(0).
-11
Suppose -36 = p + 11*p. Let b = 10 - 8. Let w(k) = -2*k**2 + 7*k - 3*k + 2*k**2 + k**b. What is w(p)?
-3
Let c(i) = -i**2 - 14*i - 27. Let h(p) = 51*p + 91. Let z be h(-2). What is c(z)?
6
Suppose 6*b - 62 = -38. Let m(d) be the third derivative of 2*d**2 + 0*d + 1/24*d**b - 1/3*d**3 + 0 + 1/20*d**5. Calculate m(-2).
8
Suppose 21 = -2*c + 3*p, c - 4*p + 12 + 6 = 0. Let g(m) = m**2 + 5*m - 1. Determine g(c).
5
Suppose -5*y + 2*i = -1, 0 = 5*y - 8*y - 4*i - 15. Let o(t) be the second derivative of 0*t**3 - 1/12*t**4 + 0 - 3/10*t**5 - t + 0*t**2. Give o(y).
5
Suppose o = 4, 5*j = -0*j + 5*o. Suppose 0 = -2*l - j*x, 6 = -3*x + 3. Let a(g) be the second derivative of 2*g**3/3 + g**2 - 2*g. Calculate a(l).
10
Let i(u) = u - 9 - 10 + 15 - 3. Calculate i(-5).
-12
Let t(h) = h**2 - 10*h + 5. Let p = 9 - 2. Determine t(p).
-16
Let y(w) be the second derivative of w**6/120 - w**5/12 + 7*w**4/24 - w**3 - 13*w**2 + 28*w. Let z(g) be the first derivative of y(g). What is z(4)?
6
Let v(t) = -2*t**2 - 8*t - 3. Let b = -106 + 101. Calculate v(b).
-13
Let x(a) = a**3 - 5*a**2 - 4*a + 2. Suppose 0 = 3*k - 3*f - 282, -89 = -k - f + 3*f. Let w = k - 94. Calculate x(w).
-18
Let k(q) = 2230 - q**3 + 7*q**2 + 2231 - 4464. Determine k(7).
-3
Suppose 4*k = -s - 9, -5*s + 2*k + 24 + 19 = 0. Let p(y) = -17 + s - y + 9. Let x be (-40)/(-6) - 4/6. Calculate p(x).
-7
Let h = -694 - -696. Let n(u) = u**3 - 5*u**2 + 4*u - 2. Determine n(h).
-6
Let v(t) be the second derivative of t**4/24 - t**3/6 + 33*t**2/2 - 7*t. Let f(p) be the first derivative of v(p). Calculate f(4).
3
Let g(y) = 2*y**2 + y - 5. Let b(i) = 9*i**2 - 9*i - 61. Let q(k) = b(k) - 5*g(k). Give q(-9).
9
Suppose -3*t = n - 40, 16 + 52 = 5*t + 2*n. Suppose -t = -0*r + 2*r. Let x(c) be the second derivative of c**4/12 + c**3 + 2*c**2 + 110*c. Determine x(r).
4
Let f(q) = 7*q**3 - q**2 + q + 1. Let w be (4/(-6))/((-6)/9). Let o(c) = c - 2. Let b be o(w). What is f(b)?
-8
Let s be 1 - -9 - (7 - 6). Let g(i) = -2*i + 9. Determine g(s).
-9
Let u(y) be the first derivative of -y**4/4 + 4*y**3/3 - 2*y**2 - 3*y + 5. Let g be ((3/(-5))/(-1))/(108/720). Calculate u(g).
-19
Let m(q) be the third derivative of -q**4/12 + 2*q**2. Let g be (-6)/8*(-10 - 66/(-9)). Give m(g).
-4
Suppose q + 13 = 3*d + 3, -5*q - d = 2. Suppose y - 23 = 5*j, 0 = 4*j - j + 5*y + 25. Let v = j + q. Let o(h) = h**3 + 5*h**2 - 6*h + 1. Give o(v).
1
Let i(a) = -2 - a**2 - 2*a - 7 + 21 - 9. Calculate i(-5).
-12
Suppose 2*k = -2*y - 52, 2*k - 5*y = -10*y - 61. Let l(i) = -2*i - 37. What is l(k)?
9
Let s be 6/15 + (-3)/15*32. Let a(x) = -x**3 - 7*x**2 - 8*x + 4. Give a(s).
16
Let b(h) = -7 - 9*h + 9*h - h**2 - 6*h. Determine b(-6).
-7
Let h(i) = i**2 + 0*i**2 - i - 2*i - i. Let w(t) = 7 - 6 - t - 5. Let m be w(-9). Give h(m).
5
Let k = 1 - -3. Let g(l) = -12*l**2 + 11*l**2 - k + 1 - 2 - l. Suppose 0 = -3*h + h. What is g(h)?
-5
Let s(k) be the second derivative of 3*k**5/20 + k**4/4 + k**3/3 + k**2/2 + 439*k. Calculate s(-2).
-15
Let m = -4 - -3. Let t(k) be the first derivative of -13 - k - 1/2*k**2 - 7/2*k**4 + 1/3*k**3. Calculate t(m).
15
Let u(m) be the third derivative of 5/6*m**3 - 18*m**2 + 0*m + 0 + 1/3*m**4 - 1/60*m**5. Determine u(6).
17
Let q be 0/(4/1 + -29 + 27). Let v(o) = -o - 10. Calculate v(q).
-1